t the prime factors of 901975.
5, 109, 331
What are the prime factors of 463860?
2, 3, 5, 859
List the prime factors of 205056.
2, 3, 89
What are the prime factors of 248603?
37, 6719
What are the prime factors of 654301?
654301
What are the prime factors of 926907?
3, 79, 3911
What are the prime factors of 101442?
2, 3, 11, 29, 53
What are the prime factors of 125384?
2, 7, 2239
What are the prime factors of 3157513?
389, 8117
What are the prime factors of 2584261?
2584261
List the prime factors of 3509526.
2, 3, 353, 1657
List the prime factors of 953843.
11, 7883
What are the prime factors of 5435833?
13, 173, 2417
What are the prime factors of 1649519?
53, 31123
What are the prime factors of 583782?
2, 3, 149, 653
What are the prime factors of 5435115?
3, 5, 7, 37, 1399
What are the prime factors of 2395519?
7, 23, 14879
List the prime factors of 1401226.
2, 641, 1093
What are the prime factors of 240423?
3, 80141
What are the prime factors of 16033?
16033
What are the prime factors of 414637?
19, 139, 157
List the prime factors of 54626.
2, 11, 13, 191
List the prime factors of 405633.
3, 135211
What are the prime factors of 8221217?
17, 281, 1721
List the prime factors of 5419419.
3, 43, 977
List the prime factors of 9861027.
3, 11, 298819
List the prime factors of 3105856.
2, 13, 3733
What are the prime factors of 58794?
2, 3, 41, 239
List the prime factors of 6803597.
37, 183881
What are the prime factors of 187236?
2, 3, 7, 743
List the prime factors of 1248762.
2, 3, 23, 9049
What are the prime factors of 22282967?
7, 41, 77641
What are the prime factors of 7327405?
5, 1465481
What are the prime factors of 7745982?
2, 3, 17, 75941
List the prime factors of 830545.
5, 43, 3863
What are the prime factors of 177009?
3, 7, 8429
What are the prime factors of 3514087?
17, 421, 491
What are the prime factors of 4671721?
179, 26099
List the prime factors of 3816190.
2, 5, 7, 54517
List the prime factors of 849627.
3, 67, 1409
List the prime factors of 3035086.
2, 31, 48953
List the prime factors of 382002.
2, 3, 63667
List the prime factors of 283043.
19, 14897
List the prime factors of 86349.
3, 107, 269
List the prime factors of 449894.
2, 224947
What are the prime factors of 6034216?
2, 41, 18397
What are the prime factors of 1627284?
2, 3, 135607
List the prime factors of 28670327.
7, 227, 18043
List the prime factors of 730697.
11, 181, 367
List the prime factors of 2844343.
31, 91753
What are the prime factors of 36624?
2, 3, 7, 109
What are the prime factors of 4324305?
3, 5, 19, 15173
List the prime factors of 41405.
5, 7, 13
What are the prime factors of 502743?
3, 103, 1627
What are the prime factors of 5470201?
11, 497291
What are the prime factors of 6743972?
2, 101, 16693
What are the prime factors of 398009?
31, 37, 347
List the prime factors of 3188155.
5, 409, 1559
What are the prime factors of 84274?
2, 29, 1453
List the prime factors of 39648.
2, 3, 7, 59
List the prime factors of 5286279.
3, 787, 2239
List the prime factors of 22110892.
2, 773, 7151
What are the prime factors of 5738041?
5738041
List the prime factors of 4188331.
7, 598333
What are the prime factors of 7713705?
3, 5, 514247
List the prime factors of 527283.
3, 59, 331
What are the prime factors of 213905?
5, 179, 239
What are the prime factors of 20107197?
3, 11, 22567
What are the prime factors of 1932598?
2, 23, 42013
What are the prime factors of 4226787?
3, 271, 1733
List the prime factors of 15966453.
3, 79, 67369
List the prime factors of 28852843.
2857, 10099
What are the prime factors of 19338455?
5, 3867691
What are the prime factors of 312938?
2, 23, 6803
List the prime factors of 363861.
3, 40429
List the prime factors of 2347041.
3, 31, 25237
List the prime factors of 5381235.
3, 5, 43, 103
What are the prime factors of 3604933?
3604933
List the prime factors of 2334581.
41, 56941
What are the prime factors of 688705?
5, 181, 761
List the prime factors of 1884625.
5, 15077
What are the prime factors of 1008352?
2, 31511
What are the prime factors of 21702562?
2, 7, 227, 6829
List the prime factors of 593627.
593627
List the prime factors of 148195.
5, 107, 277
List the prime factors of 244570.
2, 5, 37, 661
What are the prime factors of 97161?
3, 139, 233
List the prime factors of 445991.
7, 13, 29
List the prime factors of 296389.
41, 7229
List the prime factors of 238701.
3, 251, 317
What are the prime factors of 9107167?
9107167
List the prime factors of 164379.
3, 157, 349
What are the prime factors of 523730?
2, 5, 83, 631
List the prime factors of 320484.
2, 3, 17, 1571
List the prime factors of 6458374.
2, 13, 89, 2791
What are the prime factors of 6612768?
2, 3, 22961
List the prime factors of 8536740.
2, 3, 5, 79, 1801
What are the prime factors of 1335488?
2, 7, 11, 271
What are the prime factors of 6403120?
2, 5, 80039
What are the prime factors of 1210249?
167, 7247
What are the prime factors of 141161?
141161
List the prime factors of 770035.
5, 7, 449
List the prime factors of 465804.
2, 3, 19, 227
List the prime factors of 13243202.
2, 7, 945943
List the prime factors of 5016351.
3, 1672117
List the prime factors of 8461337.
1361, 6217
List the prime factors of 20751922.
2, 10375961
List the prime factors of 30637453.
7, 11, 103, 3863
What are the prime factors of 3181809?
3, 31, 34213
List the prime factors of 458398.
2, 229199
List the prime factors of 3878090.
2, 5, 19, 20411
List the prime factors of 2089676.
2, 293, 1783
List the prime factors of 22591565.
5, 4518313
What are the prime factors of 603641?
603641
List the prime factors of 743274.
2, 3, 7, 17, 347
List the prime factors of 7565660.
2, 5, 378283
List the prime factors of 17129502.
2, 3, 13, 1877
List the prime factors of 34028590.
2, 5, 139, 24481
What are the prime factors of 179353?
43, 97
List the prime factors of 483099.
3, 161033
List the prime factors of 600587.
13, 46199
What are the prime factors of 5972408?
2, 13, 57427
What are the prime factors of 176417?
176417
List the prime factors of 188646.
2, 3, 23, 1367
List the prime factors of 1163333.
1163333
List the prime factors of 966606.
2, 3, 19, 61, 139
What are the prime factors of 1641793?
59, 27827
List the prime factors of 264370.
2, 5, 26437
List the prime factors of 124110.
2, 3, 5, 7, 197
List the prime factors of 2294650.
2, 5, 45893
What are the prime factors of 437652?
2, 3, 12157
List the prime factors of 26398.
2, 67, 197
List the prime factors of 284113.
29, 97, 101
What are the prime factors of 2570259?
3, 197, 4349
What are the prime factors of 331767?
3, 191, 193
List the prime factors of 1783765.
5, 23, 15511
List the prime factors of 477308.
2, 13, 67, 137
List the prime factors of 2632516.
2, 61, 10789
What are the prime factors of 356766?
2, 3, 97, 613
List the prime factors of 793724.
2, 31, 37, 173
What are the prime factors of 467286?
2, 3, 19, 4099
What are the prime factors of 111510?
2, 3, 5, 7, 59
List the prime factors of 4764776.
2, 101, 5897
What are the prime factors of 12996977?
7, 191, 9721
List the prime factors of 77031.
3, 317
What are the prime factors of 5965119?
3, 23, 28817
What are the prime factors of 331511?
331511
List the prime factors of 12693255.
3, 5, 846217
What are the prime factors of 1046209?
401, 2609
List the prime factors of 34391684.
2, 1153, 7457
List the prime factors of 1882496.
2, 7, 11, 191
What are the prime factors of 76792?
2, 29, 331
What are the prime factors of 1393621?
941, 1481
List the prime factors of 1696155.
3, 5, 73, 1549
List the prime factors of 146826.
2, 3, 2719
List the prime factors of 1646799.
3, 7, 11, 7129
List the prime factors of 959603.
959603
What are the prime factors of 3405254?
2, 1702627
List the prime factors of 2200697.
43, 61, 839
What are the prime factors of 218234?
2, 19, 5743
List the prime factors of 4039061.
13, 310697
List the prime factors of 2407567.
2407567
What are the prime factors of 791270?
2, 5, 67, 1181
What are the prime factors of 375377?
17, 71, 311
List the prime factors of 5600873.
5600873
List the prime factors of 2466933.
3, 7, 79, 1487
What are the prime factors of 145815?
3, 5, 9721
What are the prime factors of 1079595?
3, 5, 11, 727
List the prime factors of 35609.
7, 5087
List